nder when 4294460 is divided by 4391?
62
What is the remainder when 27070049 is divided by 204?
65
What is the remainder when 2303 is divided by 393?
338
What is the remainder when 130838 is divided by 3944?
686
Calculate the remainder when 17336 is divided by 5563.
647
Calculate the remainder when 18356 is divided by 4564.
100
Calculate the remainder when 201998 is divided by 404.
402
Calculate the remainder when 290384 is divided by 290368.
16
Calculate the remainder when 4793201 is divided by 100.
1
Calculate the remainder when 80438 is divided by 465.
458
What is the remainder when 83278 is divided by 364?
286
Calculate the remainder when 14688098 is divided by 27.
17
Calculate the remainder when 1410357 is divided by 247.
234
What is the remainder when 730708 is divided by 4608?
2644
What is the remainder when 69087 is divided by 34325?
437
Calculate the remainder when 5870701 is divided by 177.
142
Calculate the remainder when 647942 is divided by 71990.
32
Calculate the remainder when 303577 is divided by 3698.
341
What is the remainder when 44239 is divided by 523?
307
Calculate the remainder when 427629 is divided by 142397.
438
Calculate the remainder when 16928 is divided by 1370.
488
Calculate the remainder when 27856 is divided by 22970.
4886
Calculate the remainder when 14580149 is divided by 48763.
12
Calculate the remainder when 733061 is divided by 2227.
378
What is the remainder when 3037062 is divided by 2746?
2732
What is the remainder when 36594 is divided by 1177?
107
What is the remainder when 24887215 is divided by 364?
171
Calculate the remainder when 1701926 is divided by 223.
213
Calculate the remainder when 101356998 is divided by 25.
23
Calculate the remainder when 38661348 is divided by 325.
323
What is the remainder when 22956227 is divided by 23?
19
What is the remainder when 1633016 is divided by 148455?
11
What is the remainder when 57299729 is divided by 19099907?
8
Calculate the remainder when 3434429 is divided by 59.
39
Calculate the remainder when 835983 is divided by 192.
15
What is the remainder when 5752322 is divided by 48?
2
What is the remainder when 10038 is divided by 9807?
231
Calculate the remainder when 39112423 is divided by 2443.
2436
What is the remainder when 51898603 is divided by 44?
31
Calculate the remainder when 140694 is divided by 1652.
274
Calculate the remainder when 115222 is divided by 16457.
23
Calculate the remainder when 6064515 is divided by 317.
305
Calculate the remainder when 62674442 is divided by 7729.
7710
What is the remainder when 5693365 is divided by 948866?
169
Calculate the remainder when 1827569 is divided by 1070.
9
Calculate the remainder when 328861 is divided by 344.
341
What is the remainder when 432113 is divided by 230?
173
What is the remainder when 308025 is divided by 3348?
9
Calculate the remainder when 67801 is divided by 30.
1
What is the remainder when 4923 is divided by 4651?
272
What is the remainder when 787310 is divided by 865?
160
Calculate the remainder when 87737 is divided by 12444.
629
Calculate the remainder when 13469 is divided by 5424.
2621
Calculate the remainder when 94580 is divided by 11458.
2916
Calculate the remainder when 2496422 is divided by 547.
461
Calculate the remainder when 1522688 is divided by 380670.
8
What is the remainder when 1381872 is divided by 690646?
580
What is the remainder when 802119 is divided by 2325?
2319
What is the remainder when 1131349 is divided by 66507?
730
Calculate the remainder when 70991657 is divided by 1269.
1259
What is the remainder when 6681880 is divided by 3040?
3000
What is the remainder when 1850811 is divided by 4800?
2811
Calculate the remainder when 99601 is divided by 2672.
737
Calculate the remainder when 10041653 is divided by 1244.
85
What is the remainder when 5309729 is divided by 626?
623
What is the remainder when 5776 is divided by 821?
29
What is the remainder when 1132594 is divided by 1632?
1618
Calculate the remainder when 17186839 is divided by 8130.
19
Calculate the remainder when 92705248 is divided by 31.
27
Calculate the remainder when 200467 is divided by 7133.
743
What is the remainder when 7231181 is divided by 97?
25
Calculate the remainder when 200546 is divided by 44.
38
What is the remainder when 1585919 is divided by 956?
871
What is the remainder when 174369133 is divided by 17?
14
Calculate the remainder when 60376 is divided by 7539.
64
Calculate the remainder when 1313375 is divided by 1313371.
4
What is the remainder when 157221039 is divided by 27?
12
Calculate the remainder when 412336 is divided by 206151.
34
Calculate the remainder when 143695 is divided by 336.
223
Calculate the remainder when 1117357 is divided by 28645.
202
What is the remainder when 14192649 is divided by 129024?
9
What is the remainder when 38328371 is divided by 36?
35
Calculate the remainder when 242118 is divided by 263.
158
Calculate the remainder when 1138916 is divided by 569396.
124
What is the remainder when 5418456 is divided by 87?
9
Calculate the remainder when 2778992 is divided by 8445.
587
Calculate the remainder when 2322503 is divided by 6932.
283
What is the remainder when 32984 is divided by 519?
287
Calculate the remainder when 96014 is divided by 2518.
330
What is the remainder when 52240 is divided by 193?
130
What is the remainder when 30136162 is divided by 719?
715
What is the remainder when 12833728 is divided by 29234?
2
What is the remainder when 547291 is divided by 91209?
37
Calculate the remainder when 30667754 is divided by 384.
362
Calculate the remainder when 4577279 is divided by 457720.
79
What is the remainder when 3042151 is divided by 1324?
923
What is the remainder when 18252423 is divided by 9126179?
65
What is the remainder when 53124 is divided by 1191?
720
Calculate the remainder when 9448717 is divided by 72.
13
Calculate the remainder when 5157141 is divided by 1427.
1390
Calculate the remainder when 72787 is divided by 7269.
97
What is the remainder when 18223303 is divided by 4555822?
15
Calculate the remainder when 83839 is divided by 1782.
85
What is the remainder when 2518883 is divided by 1494?
1493
What is the remainder when 226319 is divided by 2143?
1304
What is the remainder when 24983379 is divided by 486?
63
Calculate the remainder when 1515164 is divided by 8371.
13
Calculate the remainder when 226564 is divided by 739.
430
Calculate the remainder when 157945 is divided by 19741.
17
Calculate the remainder when 306082 is divided by 12753.
10
Calculate the remainder when 18601927 is divided by 4477.
4469
Calculate the remainder when 603797 is divided by 100632.
5
Calculate the remainder when 211436 is divided by 633.
14
Calculate the remainder when 17234153 is divided by 1325689.
196
Calculate the remainder when 99491006 is divided by 806.
784
Calculate the remainder when 2390471 is divided by 10129.
27
What is the remainder when 1483907 is divided by 2516?
1983
Calculate the remainder when 140508503 is divided by 25.
3
Calculate the remainder when 36953 is divided by 237.
218
Calculate the remainder when 36058156 is divided by 502.
500
What is the remainder when 359563 is divided by 2194?
1941
What is the remainder when 1291653321 is divided by 156?
153
What is the remainder when 5890147 is divided by 57?
52
Calculate the remainder when 74647811 is divided by 24882601.
8
What is the remainder when 191413 is divided by 6168?
205
What is the remainder when 361782581 is divided by 854?
853
What is the remainder when 1634990 is divided by 1634817?
173
What is the remainder when 473429671 is divided by 317?
315
What is the remainder when 652862 is divided by 217610?
32
What is the remainder when 2501900 is divided by 232?
12
What is the remainder when 16073 is divided by 3188?
133
Calculate the remainder when 965107 is divided by 241269.
31
What is the remainder when 64421321 is divided by 263?
260
What is the remainder when 46074306 is divided by 196?
194
What is the remainder when 8958091 is divided by 15?
1
What is the remainder when 135535970 is divided by 354?
344
Calculate the remainder when 19034080 is divided by 3806780.
180
What is the remainder when 11406152 is divided by 1267350?
2
Calculate the remainder wh